se
Let y = -17 + 7. Let g be ((-8)/10)/(4/y). Suppose -4*u = -3*k - 317, -g*u + 181 = 2*k + k. Is u a prime number?
True
Let x = 9 + -7. Suppose -x*a - 3*a + 1345 = 0. Is a a composite number?
False
Suppose 5*c + 10 = 35. Suppose 5*w = -5*f + 1835, 3*w = c*f + 1368 - 283. Is w a prime number?
False
Suppose 3*v + 2*y - 1435 = 0, y - 1591 - 329 = -4*v. Is v composite?
True
Suppose 2*w + 3 - 1 = -3*g, -5*w = 5. Suppose 5*s + 10 = g, -j = -2*j - 3*s - 3. Suppose -j*a + 148 = a. Is a a composite number?
False
Suppose 0 = 5*f - 75 - 75. Let b = f + -16. Is b composite?
True
Suppose 7*s = 2*s + 40. Suppose -s = 3*h + h. Is (1 - h/2) + 5 prime?
True
Let a(t) = t**2 + 2. Let j = -2 - -7. Let v be a(j). Let x = 104 - v. Is x a composite number?
True
Let n be 8/(-6)*-1*3. Suppose 1 = -r - 4*o + 3, 0 = r + o - 2. Suppose -n*h = 8, r*h + h = 2*m - 12. Is m a composite number?
False
Suppose -5*r - 75 + 190 = 0. Let f = -57 + r. Let v = 71 + f. Is v prime?
True
Let q(s) = s**2 + 4*s - 2. Let f be q(-4). Let v(p) = -27*p**3 + 4*p + 3. Is v(f) a prime number?
True
Let s(b) = -21*b + 4. Let i(p) = 20*p - 4. Let o(x) = -3*i(x) - 2*s(x). Let f be o(-4). Suppose -5*j + 39 = -f. Is j a prime number?
True
Let h(r) = -r**2 + 10*r + 1. Is h(9) composite?
True
Let a(s) = -s - 1. Let i be a(-3). Is i/6 - (-34)/6 composite?
True
Let k(h) = -2*h**3 - 11*h**2 + 2*h - 2. Let d(a) = -3*a**3 - 21*a**2 + 5*a - 3. Suppose -5*u = -12 - 13. Let c(x) = u*k(x) - 3*d(x). Is c(7) a composite number?
False
Let i(d) = d**2 + 17*d + 22. Let c be i(-16). Suppose -5*v = 4*q - 988, 4*v - 622 - 158 = 2*q. Suppose -2*a = -c*a + v. Is a a composite number?
True
Let k(c) = 2*c**2 - 21*c - 33. Is k(-16) a composite number?
True
Let b = -24 + 54. Let a = b + -17. Is a a prime number?
True
Suppose 3*f - 2*i - 3163 = 0, -14 = -i - 13. Is f composite?
True
Let b(i) = -15*i**3 + i**2 - 1. Let g be b(-1). Is ((-5)/g)/((-2)/402) a prime number?
True
Let r = -523 - -732. Is r a composite number?
True
Suppose -5*q = -4*i + 10 - 1, 4*i - q - 5 = 0. Is (-786)/(-18)*i*3 a composite number?
False
Let v be -1*(-77*3)/(-3). Let b = 132 + v. Is b a prime number?
False
Let f(w) = 18*w**2 + 3*w - 1. Let d be 2*-2 + (-1)/(-1). Let n be f(d). Is n/7 - 2/(-7) composite?
True
Let x = -509 - -1386. Is x a prime number?
True
Is 34/(-6)*(2 + (-452)/4) prime?
False
Suppose 6*b = 4*b + 2. Is (110/6)/(b/3) a prime number?
False
Let o be 3/(-1*(0 - 1)). Suppose 8*s = o*s - 50. Is (-2054)/(-10) - s/(-25) a prime number?
False
Suppose -o = 3*t - 1013, t + 0*o - 5*o = 327. Is t prime?
True
Let u(d) = d**3 - 5*d**2 + 7*d. Let c be ((-2)/4)/((-2)/48). Let b be ((-3)/c - 1)*-4. Is u(b) a composite number?
True
Suppose -2*m + 10 = 3*m. Suppose 2*i = -0*z - z + 81, 0 = -5*z - 4*i + 429. Suppose -z + 23 = -m*s. Is s a composite number?
True
Let h = -8 - -13. Suppose 5*k = j + 42, 3*k + 77 = -h*j - 133. Let c = -5 - j. Is c a prime number?
True
Let m = 56 - 41. Is m prime?
False
Let m(j) = -8*j**3 + 2*j + j**3 - 9*j**3 - 1 - 2*j**3. Is m(-2) prime?
True
Let a = 639 + -224. Is a a composite number?
True
Suppose -o + 0*t = -2*t - 267, 1280 = 5*o + t. Is o composite?
False
Suppose 0 = -2*w - c + 433, 5*w - 4*c = -3*c + 1086. Is w a prime number?
False
Suppose 3*g = 5*x + 9, -2*g - 3 = -3*g - x. Suppose g*v - 3 - 30 = 0. Is v prime?
True
Suppose -5*g + 1430 = -2*p - 229, 3*p + 6 = 0. Is g composite?
False
Is 5884/10*10/4 prime?
True
Is (-484)/(-77) - (-4)/(-14) prime?
False
Suppose 5*c + 355 = -25. Let m = 76 + -117. Let d = m - c. Is d a composite number?
True
Let x(d) = -142*d**3 - 6*d**2 - 14*d - 11. Let h(k) = 95*k**3 + 4*k**2 + 9*k + 7. Let w(l) = -8*h(l) - 5*x(l). Is w(-1) a composite number?
True
Suppose 5*v + 3*j + 24 = 0, v = 4*j - 6 - 8. Let s = -3 - v. Suppose 0 = 2*g + i - 310, 3*i - 445 = -s*g + 14. Is g prime?
True
Suppose -p = -6 - 58. Let b = 166 - p. Suppose 2*t + 2*y - b = 0, 5*t - 3*y = 283 - 12. Is t composite?
False
Is 3/(-4) + (-29564)/(-16) a prime number?
True
Is (-526)/6*3*(-2 - -1) a prime number?
True
Let j(k) = 0 + 14*k**2 + 1 - 6 + 0*k + 2*k. Is j(-4) prime?
True
Let f = 2491 - 1738. Suppose -q - 2*q = -f. Is q composite?
False
Let x = -7 - -5. Let z be 265 + (x - -1) + 3. Suppose 532 - 192 = 5*g - 5*a, -a = 4*g - z. Is g prime?
True
Let n(d) = -d**3 - 3*d**2 + 8*d + 5. Let p(s) = -s**2 - 5*s + 8. Let a be p(-7). Is n(a) prime?
False
Let q be (-14)/7*(-15)/2. Suppose -14*c = -q*c + 89. Is c a composite number?
False
Let w = 7 + -3. Suppose 3*a + 2 - 8 = w*s, -8 = -4*a + 3*s. Is a*-7*3/(-6) prime?
True
Suppose -285 = 4*m - 841. Is m a prime number?
True
Let n = 387 + 332. Is n a composite number?
False
Suppose -3*k = -2*k - 551. Is k a composite number?
True
Suppose 0 = -0*c + 11*c - 11957. Is c a prime number?
True
Let l(s) = 40*s**2 - 5*s - 11. Is l(6) composite?
False
Let q(v) = -v**3 - 3*v**2 + v - 1. Let u be q(-3). Let h = u + 2. Is 2/(-4) + (-131)/h composite?
True
Suppose 380 + 310 = 3*b - 5*l, 0 = -2*b - 5*l + 435. Let g = 66 - b. Let p = g - -272. Is p prime?
True
Let t(l) = -l**2 + 5*l - 3. Let g be t(3). Suppose -4*f + 7*f + g*b - 327 = 0, -436 = -4*f + 2*b. Is f composite?
False
Let z(c) = -c**2 + 7*c - 5. Let y be z(5). Let o = -7 + y. Is (4/o)/((-2)/223) a prime number?
True
Suppose -4*w + 8*w = 988. Is w prime?
False
Suppose 0 = -9*b + 24*b - 735. Is b prime?
False
Let f(x) = -2*x**3 - 2 - 3*x + 9*x + 3*x**3 + 9*x**2. Let h be f(-8). Suppose r - 39 = h. Is r prime?
True
Let r be (-321)/(-21) + 2/(-7). Suppose 0*y + 3*y = r. Let b = y + 1. Is b a prime number?
False
Let g(d) = -2*d**3 + 2 + 5*d + 5 - 4*d**2 - 10*d**2. Is g(-10) composite?
False
Let i = 622 + -370. Suppose 7*q - 4*q = i. Suppose 27 = h + 4*c, -4*c + 67 = 5*h - q. Is h composite?
False
Suppose -b + 3 = -4*b. Let i be 1/1 + 1 + b. Suppose 2*v - i = 45. Is v a prime number?
True
Suppose 0*g - 5*g = -415. Is g composite?
False
Suppose -230*d + 228*d = -226. Is d a prime number?
True
Suppose 5*f + 2*s - 914 - 867 = 0, -5*f + 4*s = -1763. Is f prime?
False
Let n be (0/(-1 + 4))/1. Suppose n = 3*c - 5*c + 422. Is c a composite number?
False
Let d(u) = -1008*u**3 + 2*u**2 - 1. Is d(-1) composite?
False
Let n = 5 - 4. Let j be (-1)/1 + 12/n. Is (-1*j)/(3/(-21)) a prime number?
False
Let l(a) be the second derivative of 11*a**3/3 - 5*a**2/2 - 4*a. Is l(7) composite?
False
Suppose -25 = b - 2*m, 4*b + 2*m + 38 = -42. Let x be (-4)/(-14) - 7848/b. Suppose 4*f - 2*v - x = 3*v, f - 93 = v. Is f composite?
True
Suppose 2*k - 189 = 33. Let b = 178 - k. Is b a composite number?
False
Suppose 1178 = -2*k + 130. Let w = k - -757. Is w a prime number?
True
Let z = 16 + -5. Is z composite?
False
Let m = -2261 - -5626. Is m prime?
False
Is ((25/15)/5)/(1/951) prime?
True
Suppose 0 = -4*c + 5*f - 4 - 13, -f = 4*c - 13. Is (2/(-6))/(c/(-18)) prime?
True
Is 17*17 + (9 - 5) a prime number?
True
Let m be 2/8 - (-729)/(-4). Let i = 339 + m. Is i a composite number?
False
Let x be -3*8 + 12/3. Is (-1209)/(-21) - x/(-35) a prime number?
False
Suppose -4*h = h - 25. Suppose 4*i + 5*q = 87 + 212, -h*i - 5*q = -370. Is i composite?
False
Let a be (-4)/(-14) - (-1550)/14. Suppose a = y - 67. Is y prime?
False
Let j = -7 - -10. Suppose -3*b - 18 = 2*z, -j*z - 2*b = 13 + 14. Let f = 28 + z. Is f prime?
True
Suppose -5*m - 2*w = -0*w - 52, 5*w = -2*m + 4. Suppose -m = b - 5*b. Suppose b*o = o + 178. Is o a prime number?
True
Is 8/12 + 10154/6 composite?
False
Is (-81 - 2)*1*-1 composite?
False
Let n = 1115 - 627. Suppose 36 = -4*f + n. Is f a prime number?
True
Suppose 5*d - 3*f = -f - 3388, -2*d - 1351 = -5*f. Let u = -467 - d. Is u composite?
False
Let d be 4/(-18) + 4570/(-90). Let u = d + 140. Is u prime?
True
Suppose -4*j - 5*p = -6*p - 2495, 0 = -5*j - 5*p + 3100. Is j composite?
True
Let p(w) = 2*w**2 + 2*w + 7. Let x be p(5). Suppose -x = -5*y + 118. Is y prime?
True
Suppose 0 = -3*y + 5*g - 286 + 2199, 2*g = -4*y + 2516. Is y a composite number?
False
Let k(n) = n**2 + n + 44. Let l = -5 + 5. Let h be k(l). Let a = h - 25. Is a a prime number?
True
Let j(f) = -5 + f - 3*f - 4*f + 1. Is j(-7) composite?
True
Suppose -8*i + 78993 = 12169. Is i a composite number?
False
Suppose -145 = -x + m, 0 = -7*x + 4*x + m + 443. Is x composite?
False
Let s be 0 + 5